d by 1060?
128
What is the remainder when 37826 is divided by 9448?
34
What is the remainder when 192773 is divided by 213?
8
What is the remainder when 62132 is divided by 20?
12
Calculate the remainder when 2093 is divided by 5.
3
Calculate the remainder when 8006 is divided by 123.
11
Calculate the remainder when 500 is divided by 18.
14
Calculate the remainder when 326563 is divided by 28.
27
What is the remainder when 1908 is divided by 194?
162
Calculate the remainder when 17602 is divided by 284.
278
Calculate the remainder when 4926 is divided by 108.
66
What is the remainder when 98600 is divided by 177?
11
What is the remainder when 75899 is divided by 18932?
171
Calculate the remainder when 17445 is divided by 89.
1
Calculate the remainder when 7493 is divided by 7468.
25
What is the remainder when 88793 is divided by 207?
197
Calculate the remainder when 20132 is divided by 234.
8
What is the remainder when 12304 is divided by 27?
19
Calculate the remainder when 186864 is divided by 300.
264
Calculate the remainder when 76714 is divided by 322.
78
What is the remainder when 105046 is divided by 1083?
1078
What is the remainder when 13335 is divided by 1410?
645
Calculate the remainder when 2358 is divided by 49.
6
What is the remainder when 9939 is divided by 661?
24
Calculate the remainder when 5905 is divided by 123.
1
What is the remainder when 16600 is divided by 474?
10
Calculate the remainder when 11705 is divided by 67.
47
What is the remainder when 344285 is divided by 16?
13
Calculate the remainder when 554849 is divided by 150.
149
What is the remainder when 1188245 is divided by 297061?
1
Calculate the remainder when 15302 is divided by 95.
7
What is the remainder when 90757 is divided by 45347?
63
Calculate the remainder when 34193 is divided by 6835.
18
Calculate the remainder when 114901 is divided by 33.
28
What is the remainder when 3064 is divided by 48?
40
Calculate the remainder when 13299 is divided by 1807.
650
What is the remainder when 18324 is divided by 1665?
9
What is the remainder when 23310 is divided by 863?
9
Calculate the remainder when 4994 is divided by 2458.
78
Calculate the remainder when 3957 is divided by 564.
9
Calculate the remainder when 1450 is divided by 251.
195
What is the remainder when 35506 is divided by 132?
130
What is the remainder when 3164 is divided by 40?
4
Calculate the remainder when 10557 is divided by 192.
189
Calculate the remainder when 5511 is divided by 141.
12
Calculate the remainder when 18658 is divided by 810.
28
Calculate the remainder when 44020 is divided by 21993.
34
Calculate the remainder when 417504 is divided by 434.
430
Calculate the remainder when 2479 is divided by 192.
175
Calculate the remainder when 9591 is divided by 685.
1
Calculate the remainder when 35999 is divided by 735.
719
What is the remainder when 16355 is divided by 111?
38
Calculate the remainder when 5099 is divided by 931.
444
What is the remainder when 195380 is divided by 48844?
4
Calculate the remainder when 10241 is divided by 37.
29
Calculate the remainder when 270617 is divided by 12.
5
What is the remainder when 303336 is divided by 15166?
16
Calculate the remainder when 32737 is divided by 8078.
425
What is the remainder when 1076994 is divided by 17?
10
What is the remainder when 140201 is divided by 46732?
5
Calculate the remainder when 1808 is divided by 447.
20
Calculate the remainder when 339220 is divided by 53.
20
What is the remainder when 43084 is divided by 57?
49
What is the remainder when 1711 is divided by 842?
27
What is the remainder when 751 is divided by 375?
1
What is the remainder when 8124 is divided by 12?
0
Calculate the remainder when 14219 is divided by 545.
49
Calculate the remainder when 148024 is divided by 332.
284
What is the remainder when 186505 is divided by 79?
65
Calculate the remainder when 17673 is divided by 260.
253
What is the remainder when 19198 is divided by 160?
158
Calculate the remainder when 130529 is divided by 570.
569
What is the remainder when 379074 is divided by 25?
24
What is the remainder when 97701 is divided by 1485?
1176
What is the remainder when 1962503 is divided by 776?
775
What is the remainder when 160368 is divided by 75?
18
Calculate the remainder when 8368 is divided by 4054.
260
Calculate the remainder when 11687 is divided by 281.
166
What is the remainder when 188561 is divided by 6734?
9
What is the remainder when 30890 is divided by 62?
14
What is the remainder when 132802 is divided by 93?
91
What is the remainder when 113747 is divided by 566?
547
Calculate the remainder when 8730 is divided by 871.
20
What is the remainder when 247704 is divided by 535?
534
What is the remainder when 618599 is divided by 15?
14
Calculate the remainder when 420867 is divided by 19.
17
Calculate the remainder when 71569 is divided by 443.
246
What is the remainder when 348165 is divided by 24?
21
Calculate the remainder when 344 is divided by 30.
14
Calculate the remainder when 171773 is divided by 44.
41
What is the remainder when 10380 is divided by 98?
90
Calculate the remainder when 29843 is divided by 597.
590
What is the remainder when 495436 is divided by 26075?
11
What is the remainder when 6331 is divided by 389?
107
Calculate the remainder when 1313 is divided by 47.
44
Calculate the remainder when 4965 is divided by 81.
24
Calculate the remainder when 20268 is divided by 405.
18
What is the remainder when 241054 is divided by 22?
0
Calculate the remainder when 44339 is divided by 289.
122
What is the remainder when 34130 is divided by 1479?
113
Calculate the remainder when 62355 is divided by 110.
95
What is the remainder when 422531 is divided by 9?
8
What is the remainder when 5129 is divided by 2496?
137
What is the remainder when 2493 is divided by 1332?
1161
What is the remainder when 54489 is divided by 111?
99
What is the remainder when 122050 is divided by 14?
12
What is the remainder when 2666 is divided by 2620?
46
Calculate the remainder when 26334 is divided by 303.
276
What is the remainder when 90935 is divided by 30307?
14
What is the remainder when 843290 is divided by 9?
8
Calculate the remainder when 35886 is divided by 11953.
27
What is the remainder when 2162 is divided by 248?
178
Calculate the remainder when 481586 is divided by 68795.
21
What is the remainder when 9896 is divided by 381?
371
Calculate the remainder when 700 is divided by 159.
64
What is the remainder when 20096 is divided by 43?
15
What is the remainder when 119324 is divided by 33?
29
What is the remainder when 29085 is divided by 676?
17
What is the remainder when 149321 is divided by 16?
9
What is the remainder when 1696 is divided by 428?
412
Calculate the remainder when 1115 is divided by 45.
35
Calculate the remainder when 8782 is divided by 187.
180
What is the remainder when 19076 is divided by 653?
139
What is the remainder when 3868 is divided by 31?
24
Calculate the remainder when 13971 is divided by 6979.
13
What is the remainder when 664088 is divided by 10?
8
What is the remainder when 16173 is divided by 16145?
28
Calculate the remainder when 13027 is divided by 1481.
1179
What is the remainder when 29662 is divided by 30?
22
What is the remainder when 2170 is divided by 516?
106
What is the remainder when 152147 is divided by 165?
17
What is the remainder when 4719 is divided by 185?
94
What is the remainder when 8645 is divided by 8629?
16
Calculate the remainder when 2509621 is divided by 23.
22
What is the remainder when 59259 is divided by 14810?
19
Calculate the remainder when 370 is divided by 359.
11
What is the remainder when 783976 is divided by 43?
0
Calculate the remainder when 11613 is divided by 1880.
333
Calculate the remainder when 173704 is divided by 225.
4
What is the remainder when 53997 is divided by 551?
550
What is the remainder when 684540 is divided by 362?
360
What is the remainder when 170344 is divided by 398?
0
Calculate the remainder when 8816 is divided by 60.
56
What is the remainder when 1684 is divided by 28?
4
What is the remainder when 8537 is divided by 2115?
77
What is the remainder when 4861 is divided by 401?
49
Calculate the remainder when 591 is divided by 218.
155
